alse
Is 1120907009 a composite number?
True
Is 10103021587 prime?
True
Is 14137414517 composite?
False
Is 23835755923 prime?
False
Is 2043159379 prime?
False
Is 57307086269 prime?
False
Is 714792300065 a prime number?
False
Is 9799059526 prime?
False
Is 1536589597 composite?
True
Is 4890742267 composite?
False
Is 1349382217 a composite number?
True
Is 35340640187 a composite number?
False
Is 4383193229 prime?
True
Is 1251142943 a prime number?
True
Is 107834556163 a prime number?
False
Is 162079 composite?
False
Is 21145479041 a composite number?
True
Is 36173774411 composite?
True
Is 970605961 prime?
False
Is 12267653231 prime?
True
Is 159815729 composite?
True
Is 14345783297 a prime number?
False
Is 118253279 composite?
True
Is 18431210279 a prime number?
True
Is 15853827239 prime?
False
Is 2261471831 a prime number?
True
Is 15503768053 prime?
True
Is 1451039963 a composite number?
False
Is 1225486177 a prime number?
False
Is 32156169547 a composite number?
True
Is 849325943 prime?
True
Is 31779071 a composite number?
False
Is 69429161 a composite number?
True
Is 12995447359 composite?
True
Is 6562426889 prime?
True
Is 2286824537 prime?
True
Is 106406659 a composite number?
False
Is 184329721 a prime number?
True
Is 17874443 prime?
False
Is 28669587637 composite?
False
Is 50071082003 composite?
True
Is 11177360211 a prime number?
False
Is 148193872513 a prime number?
True
Is 17985727846 prime?
False
Is 331391614 a composite number?
True
Is 12869708899 prime?
False
Is 144322313 prime?
True
Is 18443269883 composite?
False
Is 31062006649 prime?
True
Is 3760447129 a composite number?
True
Is 2024922619 prime?
False
Is 464470531787 prime?
True
Is 15752730531 a prime number?
False
Is 28677307121 a composite number?
False
Is 10989477971 a prime number?
True
Is 224393177 a prime number?
False
Is 373477103 a composite number?
False
Is 665174831 a prime number?
True
Is 8653156843 a composite number?
True
Is 10647993151 a composite number?
False
Is 574197971 a composite number?
True
Is 31710807593 prime?
True
Is 86601582823 a prime number?
False
Is 1239572471 a composite number?
False
Is 116350763 a prime number?
True
Is 19629791 a composite number?
True
Is 899759431 composite?
True
Is 599575511 composite?
True
Is 4172566519 composite?
True
Is 12463208071 a prime number?
False
Is 2656322789 composite?
False
Is 691968967 a prime number?
True
Is 1368314491 prime?
True
Is 3475373827 a prime number?
True
Is 5166420863 prime?
True
Is 5895016459 a prime number?
True
Is 6368413999 a prime number?
True
Is 973239539 composite?
True
Is 88910290439 a prime number?
False
Is 9013913 a composite number?
True
Is 488200831 composite?
False
Is 1892153787 a composite number?
True
Is 606217697 a prime number?
True
Is 1245323749 a prime number?
False
Is 1894029701 composite?
True
Is 5598537919 a prime number?
False
Is 15624487 a prime number?
True
Is 31608010419 a composite number?
True
Is 7530340249 a prime number?
True
Is 37436541601 a composite number?
True
Is 977238413 prime?
False
Is 28155035417 a prime number?
False
Is 922016317 a composite number?
True
Is 8778102493 composite?
True
Is 338598497 prime?
False
Is 413649283 composite?
True
Is 75132476027 a prime number?
False
Is 49951117829 a composite number?
True
Is 25259119 a composite number?
False
Is 3970394567 a composite number?
True
Is 19025705735 composite?
True
Is 275857481881 prime?
True
Is 9357648221 composite?
False
Is 17404437397 prime?
True
Is 858999533 prime?
False
Is 196529189977 composite?
False
Is 6397242961 a prime number?
False
Is 197534111 a prime number?
True
Is 27440256071 prime?
False
Is 826212419 composite?
False
Is 569799145 composite?
True
Is 16815666293 prime?
False
Is 6110081347 prime?
True
Is 168036687095 a prime number?
False
Is 21930929453 prime?
False
Is 762216373 a prime number?
False
Is 42000329519 a prime number?
True
Is 140048151703 a prime number?
False
Is 314486083 composite?
False
Is 76372391219 a prime number?
False
Is 664455713 prime?
False
Is 68124004541 a prime number?
True
Is 178639831 prime?
True
Is 522362207 a prime number?
True
Is 4042659667 composite?
True
Is 75361937 composite?
True
Is 12977119 a prime number?
True
Is 226525129 prime?
True
Is 883203001 prime?
True
Is 3006736685 a prime number?
False
Is 2658926923 a composite number?
False
Is 269222869 composite?
False
Is 205704937 prime?
True
Is 23042090777 a composite number?
False
Is 695050607 a composite number?
False
Is 51689637785 composite?
True
Is 14186809639 a prime number?
False
Is 102240679 composite?
True
Is 188642373 composite?
True
Is 856164449 composite?
True
Is 39865489327 a composite number?
True
Is 1146594487 a prime number?
True
Is 1423581661 a composite number?
False
Is 19529319049 composite?
False
Is 14280813641 composite?
False
Is 25548591479 composite?
False
Is 709165619 a composite number?
True
Is 197045809 a prime number?
True
Is 9025043767 prime?
True
Is 142678061 composite?
True
Is 6769093553 a prime number?
True
Is 2000619139 composite?
False
Is 14451892981 composite?
True
Is 7602438373 composite?
False
Is 3742132279 prime?
False
Is 41684286299 composite?
True
Is 8975118433 a prime number?
True
Is 144086531 a prime number?
True
Is 33857638123 composite?
False
Is 6884938883 composite?
False
Is 20950235897 a composite number?
True
Is 1086569626 a composite number?
True
Is 6491740613 a composite number?
True
Is 14141795461 prime?
False
Is 6024568409 a prime number?
False
Is 144782503 a prime number?
False
Is 11858709727 a prime number?
True
Is 3710306881 a composite number?
True
Is 61172235321 a prime number?
False
Is 122034611 a prime number?
False
Is 192967919 a composite number?
True
Is 48370450547 a composite number?
True
Is 5879911649 a prime number?
True
Is 11165918839 composite?
False
Is 469084771 a prime number?
True
Is 1540156231 prime?
False
Is 7590169109 prime?
False
Is 531222257 prime?
True
Is 222911187 a composite number?
True
Is 260671920823 a composite number?
False
Is 169095937 composite?
False
Is 7507049735 composite?
True
Is 3192964651 composite?
True
Is 119190311437 prime?
False
Is 78449035151 a prime number?
False
Is 12095942219 composite?
False
Is 1392489361 a prime number?
False
Is 27808196447 prime?
True
Is 5158141727 composite?
True
Is 36679403 composite?
True
Is 24752009 a prime number?
True
Is 68994396017 a composite number?
False
Is 270201949 a prime number?
False
Is 1881151859 prime?
True
Is 2118361949 prime?
False
Is 29350663 a composite number?
False
Is 1300656849 a composite number?
True
Is 139650038519 a composite number?
False
Is 95690023163 prime?
False
Is 1177371583 composite?
False
Is 998738369 a prime number?
True
Is 30011932807 composite?
False
Is 126451771 composite?
True
Is 130132669 prime?
True
Is 384887215 a composite number?
True
Is 89485440787 prime?
True
Is 25248393607 prime?
True
Is 960954857 a prime number?
False
Is 12511147427 composite?
False
Is 13410999929 a composite number?
True
Is 111400171 a prime number?
True
Is 122047511 a prime number?
False
Is 276082379 composite?
True
Is 57983537 a composite number?
True
Is 302965048317 composite?
True
Is 1321825699 a prime number?
True
Is 26593349987 composite?
False
Is 22076982071 prime?
True
Is 1423886489 a prime number?
True
Is 3387905669 prime?
False
Is 53340584579 composite?
True
Is 87665665237 a prime number?
False
Is 1392243 a prime number?
False
Is 824393837 a prime number?
True
Is 27536741159 a composite number?
False
Is 129371653 a composite number?
True
Is 1663921731 prime?
False
Is 3137560667 a composite number?
False
Is 4196155571 a prime number?
True
Is 1660212353 a composite number?
True
Is 96663851 a prime number?
False
Is 876363269 a prime number?
False
Is 10438019927 composite?
True
Is 13264939157 a prime number?
False
Is 13074360773 prime?
True
Is 18107481233 a prime number?
True
Is 3567013031 composite?
True
Is 2469566861 a composite number?
False
Is 175180253 a composite number?
False
Is 971611567 a prime number?
False
Is 2258832523 composite?
True
Is 26311401547 a composite number?
False
Is 28184054369 composite?
True
Is 5416172123 composite?
False
Is 49799369 a composite number?
False
Is 40188595147 a composite number?
False
Is 13650639979 prime?
False
Is 743174723 a composit